rst derivative of a**2/2 - 2*a - 1. Suppose -160*w + 97 + 723 + 140 = 0. Calculate o(w).
4
Suppose m = 6*m. Let t = 71 - 92. Let r be t + 20 - (m + 0). Let y(k) = 7*k + 1. Determine y(r).
-6
Let o(s) be the second derivative of s**4/12 - 5*s**3/6 - s**2 - 2*s. Let x(u) = u**2 - 9*u - 10. Let r be x(10). Suppose -3*b + r*b + 12 = 0. Give o(b).
-6
Let f(v) = -10*v**2 + 34*v - 76. Let w(i) = -3*i**2 + 11*i - 25. Let p(h) = -4*f(h) + 13*w(h). Calculate p(-9).
-3
Let d = 1124/3 + -374. Let l(h) be the third derivative of 0*h + 1/8*h**4 - d*h**3 - 3*h**2 + 0. Calculate l(3).
5
Let f(p) be the first derivative of -4*p**2 - 3*p + 77. Calculate f(-2).
13
Let r(k) = 2*k**2 - 8*k - 5. Let v(w) = 9*w**2 + 5*w + 7. Let a be v(-3). Let b = -67 + a. Determine r(b).
19
Let i(n) be the first derivative of 8*n**3/3 + n**2 + n - 2. Let c = 205 - 206. Give i(c).
7
Let d(p) be the second derivative of 2*p**3/3 + 29*p**2/2 - p. Calculate d(-6).
5
Let l(i) = -1. Let s(t) = 3*t**2 + 2. Let o(k) = -l(k) - s(k). Determine o(1).
-4
Let n(h) be the first derivative of -1/60*h**5 - 2 + 1/6*h**3 + 4*h**2 + 1/8*h**4 + 0*h. Let a(q) be the second derivative of n(q). Determine a(6).
-17
Let m(a) = -a**2 - 3*a - 2. Let n = -328 - -324. Calculate m(n).
-6
Let o = 2 - 0. Let h(v) = -2*v**2 - v - 4. Let d(p) = p - 1. Let i(q) = -q**2 + 5*q - 8. Let g(b) = 6*d(b) - i(b). Let s(c) = 5*g(c) + 3*h(c). Determine s(o).
-2
Let k(g) = 12*g + 14. Let s(a) = -17*a - 23. Let x(i) = 7*k(i) + 5*s(i). Calculate x(-10).
-7
Let b(l) be the third derivative of l**6/120 + l**5/10 + l**4/4 - 5*l**3/6 + 6*l**2 - 9*l. What is b(-5)?
-10
Let c be 4*8/(-48)*(-6)/(-2). Let r(v) = -v**3 - 5*v**2 - 4*v. Determine r(c).
-4
Suppose 2 = -3*x + 8, 0 = -2*m + 4*x. Suppose 0 = m*h - 25 + 25. Let p(r) = -r**3 - r**2 + r + 3. Give p(h).
3
Let k be (2 - (-24)/(-20))*(-450)/60. Let x(j) = j**2 + 3*j - 13. Calculate x(k).
5
Suppose 0 = 2*f + 2 + 2. Let n be (25/f)/((-7)/(-14)). Let a be (5 - 0)*20/n. Let j(u) = -u**2 - 4*u + 1. Calculate j(a).
1
Let w(q) = 4*q - 1 + 12*q - 28*q + 17*q. What is w(3)?
14
Let n(c) = -c - 10. Suppose -5*q + 24 + 1 = 0. Suppose q*j = 2*a - 31, -3*j + 5*a - 6 = 5. Calculate n(j).
-3
Let d be (-5)/10*4 + (6 - -1). Suppose -q + 0*b + d*b = -11, -4*q - 2*b + 22 = 0. Let v(g) = -g**3 + 6*g**2 + 2. Calculate v(q).
2
Let i(y) = -1 + 1649*y + 2*y**3 - 1651*y - 3*y**2 + 2*y**2. What is i(2)?
7
Let g(n) = 4*n**3 - n**2 + 1. Suppose -3*s - 12 + 39 = 0. Let f be ((-2)/6)/((-3)/s). What is g(f)?
4
Let p = 498 - 495. Let s(d) = 7*d - 8. What is s(p)?
13
Let v(z) = z**2 - 5*z - 7. Let o be v(6). Let w = o + 3. Let g(f) = -w*f - f + 2*f**2 - 3*f**2. Calculate g(-4).
-4
Let h(x) = -19*x**3 + 11*x**2 + 13 + 23*x**3 - 5*x**3 - 11*x. Calculate h(10).
3
Suppose -2*d + 6*d + o - 39 = 0, -o = 3*d - 29. Let g(b) = -3*b - b**3 + b**2 - d*b**2 + 0*b + 1 - 5*b. Calculate g(-8).
1
Let b(q) = -5*q - 2. Let u(k) = -k - 3*k - 41 + 39. Let n(f) = -3*b(f) + 4*u(f). Determine n(0).
-2
Let f(y) = 2*y - 3. Let m(j) = -3*j + 2*j - 4 + 3 + 3. Let s be m(2). Suppose s*c + 9 = 2*w + c, 0 = -5*w - 2*c + 20. What is f(w)?
1
Let t(x) be the third derivative of x**5/60 + x**4/4 + 7*x**3/6 + 7*x**2. Suppose -6*b = 15 + 15. Determine t(b).
2
Let k(d) = -d**2 + d + 1. Let c be k(2). Let t(i) = 613741*i**2 - 306872*i**2 - 306878*i**2. Give t(c).
-9
Let r(b) be the first derivative of -1/3*b**4 + 3*b**2 + 1/60*b**5 + 1/2*b**3 + 0*b - 1. Let d(g) be the second derivative of r(g). What is d(7)?
-4
Let f be 2 - (3 + -2)/1. Let z(j) = -43*j**2 + f + 44*j**2 + 16*j + 8 - 6*j. Calculate z(-8).
-7
Let p(n) = n**2 + n - 1. Let h(m) = -m**3 + 3*m**2 - 3*m + 3. Let g = 24 + -12. Suppose 4*v + 4 = g. Let u be h(v). Determine p(u).
1
Let r = -122 + 114. Let k(b) = -b**3 + 5*b**2 - 11*b - 11. Let n(c) = -4*c**3 + 14*c**2 - 34*c - 34. Let g(h) = -7*k(h) + 2*n(h). Give g(r).
1
Let r(o) = -o + 5. Suppose 5*a = -2*l + 25, 3*a - 4 = l - 0*a. Suppose q = l*q. Suppose 0 = -q*b + 2*b. Calculate r(b).
5
Let f(r) = -6*r**2 + 0 + r**3 - 7 + 0*r + 7*r. Let b = 3 + 21. Let h be 30/(-4)*(-16)/b. Calculate f(h).
3
Let b(j) = j**3 - 5*j**2 + 5*j. Suppose -5*i - 16 - 6 = -3*f, -2*f - 2 = 5*i. Suppose -f*z = -20 + 4. Determine b(z).
4
Suppose 3*y - 4*y = 3. Let z(s) = 45*s**2 - 12*s**2 - s**3 - 18*s**2 + 2 + 4*s - 17*s**2. Give z(y).
-1
Let c(d) = -d - 3. Let n(z) = -z**2 + 5. Let f be n(7). Let h = 39 + f. Give c(h).
2
Let j(x) = -3*x - 3 + 7 + 4*x - 3. Suppose 0 = -2*u + 14 + 2. Suppose u*h = 7*h - 1. Determine j(h).
0
Let o(m) = 5*m + 4. Suppose -74 + 11 = 9*d. What is o(d)?
-31
Suppose -v - 9*v + 20 = 0. Let w(p) = -6*p**2 + 3 + p**3 + 12 + p + v - 11. Let r = -1 + 7. Calculate w(r).
12
Let f(n) be the second derivative of n**5/20 - 17*n**4/12 - 17*n**3/6 - 4*n**2 - 122*n. Determine f(18).
10
Suppose -3 = -3*d - 3*w, 3*d + w + 4*w = 3. Let l(j) = -3*j - 7 - j + d + 2*j. Determine l(-4).
2
Let s = 317/3 + -105. Let u(g) be the first derivative of -s*g**3 + 1/2*g**4 + 2 - g - g**2. Determine u(-1).
-3
Let v(q) = -3*q - 1. Let k be ((-12)/(-15))/(6/15). Suppose -9 + 3 = k*x, 0 = -5*j - 2*x - 1. Let t = j + -4. Calculate v(t).
8
Let q(u) = u**2 - 6*u - 4. Suppose -4*r + 12 = -3*r. Let a be ((-3)/(-2))/(3/r). Determine q(a).
-4
Let c(r) = r**2. Let n(l) = -2*l**2 + 2*l + 1. Let a be -1*(2 - 3 - -2). Let h be 0 + a + 13 + -17. Let t(m) = h*c(m) - n(m). Give t(-2).
-9
Let w(h) = -h + 11. Let t be w(6). Suppose -8 = -t*b + b. Let z(o) = -o**b - 1 - 3*o - 2*o**2 - o**3 + 2*o**2 - 3*o**2. Calculate z(-2).
-3
Let a(h) = 11. Let d(u) = -u + 1. Let v be (4/3)/(24/(-36)). Let b(f) = v*d(f) + a(f). Determine b(-7).
-5
Let q = -494 - -497. Let g(v) = 18*v - 2. Calculate g(q).
52
Let m(x) be the second derivative of x**4/12 - 4*x**3/3 + 3*x**2 + 63*x + 2. What is m(8)?
6
Suppose -5*x = -13*x + 24. Let k(f) be the second derivative of -5*f**4/24 + f**3/3 - f**2 + f. Let y(o) be the first derivative of k(o). Determine y(x).
-13
Let i(c) be the first derivative of 5 + 6*c - 1/2*c**2. Determine i(0).
6
Let g(h) be the third derivative of -h**4/24 + 4*h**3/3 + 3*h**2 - 25. What is g(7)?
1
Let q(j) be the first derivative of j**2/2 - 755. Determine q(13).
13
Let h(b) be the second derivative of 0 - b**2 + 1/8*b**4 - 7/6*b**3 + 4*b. Let m(k) be the first derivative of h(k). Give m(5).
8
Let g(a) = 3*a - 3. Let s(h) = -3*h + 2. Let w(v) = 2*g(v) + 3*s(v). Let k be ((-217)/(-21) - 6) + (-2)/6. What is w(k)?
-12
Let w(p) = -18 + 5 - 3*p**2 + 4*p**2 + 6 + 13 - 2*p. Determine w(4).
14
Let i(n) = 2*n - 2. Let s(l) = l - 46. Let w(y) = 6*i(y) - s(y). Give w(-3).
1
Let i(p) be the third derivative of p**5/15 - p**2. Let t = 5284 - 5283. Give i(t).
4
Let y(z) = -z - 3. Let l(k) = k**2 - 15*k + 11. Let w be l(14). What is y(w)?
0
Let a(m) = 6*m - 2. Let h(k) = -5*k + 2. Let r(j) = 6*a(j) + 7*h(j). Suppose -5 + 15 = -5*p. What is r(p)?
0
Suppose -5*o - 10 = -0*o. Let q be (-2)/o*(9 - 7). Let b(k) = 3*k - 6 - 2*k - q*k. Determine b(-5).
-1
Let d(k) = -5*k - 2. Let v(h) = 9*h + 5. Let n(z) = z - 1. Let r(i) = -2*n(i) - v(i). Let t(q) = 9*d(q) - 4*r(q). What is t(7)?
-13
Let q(y) = -y**3 + 4*y**2 - 2*y + 1. Suppose 0 = -5*m + 4*c + 9, 5*m + 3 = 4*m + 2*c. Suppose -21 - 16 = -4*s + 5*f, 0 = m*s + 3*f. What is q(s)?
4
Let y(g) = -125*g + 9 + 1 + 124*g. Determine y(5).
5
Let o be 22/4 + 6/4. Let i(h) = -9*h + 0 + o*h + 4 - 2. Suppose 3*a + 5 = -4*b, 3 = -2*a - b - 2. Calculate i(a).
8
Let k = -15 - -32. Let l = -17 + k. Let s(b) = b**2 - 3*b + l*b - 3*b - 2 + 3*b. What is s(3)?
-2
Let v(y) = -2*y**3 - 5 - 11*y - 5*y**2 - 3*y**2 - y**3 + 2*y**3. Determine v(-7).
23
Let h(z) = 2*z + 2 + 6 + 2. Let t be 0 + -2 - (14 + -7). Let d be (-4 - 0) + t/(27/12). Calculate h(d).
-6
Suppose -f = 2*f - 39. Suppose -3*u + 5 + f = 0. Let g(y) = -2*y - 5. Let d(i) = -2*i - 5. Let b(j) = 6*d(j) - 5*g(j). Determine b(u).
-17
Let a(s) = s**3 - 8*s**2 - 11*s + 9. Let r(g) = -11*g - 2. Suppose 4 = 2*t, q - 5*t + 5 = 6*q. Let m be r(q). Determine a(m).
-9
Let a(x) = -112*x + 49. Let t(r) = 7*r - 3. Let w(k) = 3*a(k) + 49*t(k). Calculate w(1).
7
Let z(q) = 3*q - 3*q - q. Let r = -59 + 65. Suppose -r = 2*y - f, 2*f - 12 = 4*y + f. What is z(y)?
3
Let a(l) = l**3 - 2*l**2 - 23*l + 6. Let d be a(-4). Let s(j) = -4*j + 6. Cal